h - f - 14 = 0. Suppose h*r - 4*p = 92, -4*r = -3*r - 2*p - 18. Calculate the highest common divisor of 42 and r.
14
Let n(a) = 5*a - 12. Let o be n(7). Calculate the greatest common factor of o and 161.
23
Suppose 0 = 3*x - 15 - 18. Calculate the highest common divisor of x and 11.
11
Let h be (-12)/(-1*(99/24 - 4)). What is the greatest common divisor of h and 48?
48
Suppose -169 = -14*l + 153. What is the greatest common divisor of 23 and l?
23
Suppose 0*x + 75 = 3*x. Suppose 512 = 5*m - 3*v + 7*v, 2*m - 2*v = 194. What is the greatest common factor of m and x?
25
Let c = 19 + -7. What is the greatest common divisor of 4 and c?
4
Let u = -16 + 11. Let y(i) = -i - 1. Let v be y(u). Suppose 5*z - 46 = m, -v*z + 41 = 4*m + 9. What is the highest common divisor of 99 and z?
9
Suppose 2 = -2*s + 4*s. Suppose 3*k - 4*f = 72, -2*f + 13 = k - s. Suppose -w + 47 = w - 5*a, -4*a - k = 0. Calculate the greatest common factor of w and 99.
11
Let w(x) = 3*x + 4 - 3*x**2 + 0*x**2 + 2*x**2. Let z be w(3). What is the greatest common divisor of 36 and z?
4
Let k = -5 + 0. Let i = k + 19. Let x = i + 4. What is the greatest common factor of x and 198?
18
Let h(d) = 24*d + 9. Let v be h(-6). Let w = v - -279. Suppose -2*j - 12 = -5*p + 70, 40 = 2*p + j. What is the greatest common divisor of w and p?
18
Let w be 1/1 - (-3)/1. Suppose -26 = -k - r, 4*k - 175 = -k + w*r. Calculate the greatest common factor of k and 31.
31
Suppose -2*r + 194 = 12. Let y be (4/(-3))/(4/(-18)). Suppose -8*x + y*x = -26. What is the greatest common factor of x and r?
13
Let r(m) = 4*m**2 - 2*m + 4. Let d be r(5). Suppose 5*y - 91 = f - 5, d = 5*y + f. Calculate the greatest common divisor of 9 and y.
9
Suppose 5*s + 2*y - 107 = 0, 0 = -s - 5*y + 2 + 1. What is the greatest common factor of 23 and s?
23
Let l(o) = o**2 + 7*o + 2. Let u = -5 - 0. Let p be l(u). Let x be (42/p)/(1/(-4)). What is the highest common divisor of 7 and x?
7
Let o be (-4 - 0)*4/(-8). Suppose -o*c + 18 = 4*n, 3*c = -2*c + 25. What is the greatest common divisor of 8 and n?
2
Suppose -3*c + 117 = c + n, -4*c + 3*n + 129 = 0. Calculate the highest common factor of 45 and c.
15
Let f(p) = p**2 - 5*p - 4. Let u be f(-3). Let d(q) = -q**2 + q - 1. Let t be d(2). Let i be 2/(3*t/(-45)). Calculate the highest common divisor of i and u.
10
Let s = -3 - -6. Let t be (1/(-1) - 1)/(-1). What is the greatest common factor of s and t?
1
Suppose 0 = 3*k - 12, 4*k - k = -3*w + 84. Calculate the highest common divisor of w and 36.
12
Let v = 61 + -12. Suppose 0 = -3*x + 5*d + 31, -5*x - d = -3*d - 39. Calculate the greatest common factor of v and x.
7
Let a(p) = 5*p + 1. Let t be a(4). Let x = -1 + 4. Suppose w - 14 = 2*b + 6*w, 3*b + 3 = -x*w. Calculate the greatest common divisor of t and b.
3
Let s be 1/(-2) - 1281/(-14). Let j = s - -8. What is the highest common divisor of 9 and j?
9
Suppose -5*s + u + 5 = -0*u, -s = 4*u - 1. Let a = 24 - 13. Calculate the highest common divisor of s and a.
1
Suppose 4 = -2*m - 2. Let q = m + 5. Suppose -20 = -q*h - 2*d - 0*d, 3*h - 3*d = 0. What is the greatest common divisor of 25 and h?
5
Let n(z) = 7*z - 12. Let f be n(6). Calculate the highest common factor of 15 and f.
15
Let y(i) = i**3 + 8*i**2 - 3*i - 8. Let t be y(-8). Calculate the greatest common factor of t and 128.
16
Let z = 2 - -9. Suppose -3*x + z = 2. Calculate the highest common divisor of 12 and x.
3
Let x(c) = c**3 - c**2 - 2*c + 3. Let l be x(2). Calculate the highest common factor of l and 9.
3
Suppose -2*o = t - 32, 7*o - 2*o - 23 = -t. Suppose -2*p + 236 - t = 0. Calculate the highest common divisor of p and 11.
11
Suppose -12 = -6*i + 2*i. Suppose -g + 5 = i. Suppose 0 = g*j - 307 + 87. What is the greatest common factor of j and 10?
10
Let d = -16 + 32. What is the greatest common divisor of 144 and d?
16
Suppose 4*w - 4 = 4, -5*d + 42 = -4*w. What is the greatest common factor of 1 and d?
1
Suppose -4*f - 7*r + 2*r = -66, -f + 4*r = -6. What is the greatest common factor of f and 42?
14
Let t(f) = 8*f**2. Let u = -11 - -5. Let j = -5 - u. Let d be t(j). What is the highest common factor of 32 and d?
8
Let q = -10 - -4. Let c be q/(-4) + (-6)/(-4). Suppose c*g - 2 = 22. Calculate the highest common divisor of 1 and g.
1
Let r(d) be the third derivative of d**5/60 - d**4/8 - 5*d**3/6 - d**2. Let a be r(-7). Calculate the greatest common factor of 26 and a.
13
Let z be 69/2 + 2/4. Suppose -y - 2 = 0, 3*l = 5*y - 10*y + z. Suppose -13 - l = -2*p + o, 3*p = 3*o + 42. What is the greatest common divisor of 42 and p?
14
Suppose 0 = -i - 3*i + 48. What is the highest common factor of i and 12?
12
Suppose -4*q = -0*q + 12. Let w = q + 43. What is the greatest common divisor of 16 and w?
8
Suppose 1 + 7 = 4*g. Suppose -4*f = 5*m - 21 - 7, -f = 3*m. Let q be (0 - 1)*2 + f. What is the greatest common factor of g and q?
2
Suppose 7*n - 24 = 81. What is the greatest common factor of 135 and n?
15
Suppose 3*p = -2*k + 254 - 2, 4*k = p - 84. Calculate the greatest common factor of p and 12.
12
Let m be 1 + 0/4 - -152. Suppose -3*w = -24 - 27. Calculate the highest common factor of m and w.
17
Let l(s) = -17*s - 1. Let p be l(-1). Let m(w) = -w**2 + 4*w - 3. Let c be m(2). Suppose 3 - c = v. Calculate the greatest common divisor of v and p.
2
Let t = -4 - -6. Let q(a) = a**2 - a. Let i be q(t). What is the greatest common divisor of i and 10?
2
Let w(d) = d**2 - 6*d + 6. Let a be w(4). Let b(i) = 5*i**3 + 3*i**2 + i - 1. Let k be b(a). Let r = k - -65. What is the highest common divisor of r and 85?
17
Suppose 28 = 2*b - 0. Suppose 3*k = k + b. What is the greatest common factor of 7 and k?
7
Let h be (20/(-2))/(35/(-10) + 3). What is the greatest common factor of h and 80?
20
Let m be (-16)/(-10)*(-650)/(-4). Suppose -m = -5*u + u. Let b(j) = -27*j**3 - j**2 + j + 1. Let h be b(-1). Calculate the greatest common divisor of h and u.
13
Let a be 10*18/(-12)*-1. Calculate the highest common factor of a and 165.
15
Let z(w) = -w + 2. Let l be z(-3). Suppose -3 = t - 3*f, 4*f = 2*t + 2*t - 20. Suppose b = t - 4. Calculate the greatest common factor of l and b.
5
Suppose 0*v + 5*m = -2*v + 39, -m + 33 = 4*v. What is the highest common factor of v and 49?
7
Let a be (-654)/(-27) - (-6)/(-27). Suppose 0 + 6 = g. Calculate the highest common divisor of g and a.
6
Let j = -70 - 60. Let l = j + 215. Let f = 23 - 6. What is the highest common factor of f and l?
17
Suppose -6*m + 114 + 198 = 0. Calculate the greatest common factor of 13 and m.
13
Let m(h) be the second derivative of -h**4/12 - 7*h**3/3 - 4*h**2 - h. Let w = -8 - 2. Let u be m(w). Calculate the highest common divisor of u and 4.
4
Let h be 24/2 + 1 + 1. Let d = -11 - 2. Let q = d - -69. Calculate the greatest common divisor of h and q.
14
Let s be (0 - 1)/((-4)/68). Calculate the greatest common factor of 51 and s.
17
Let x(p) = -p**3 + p + 16. Let n be x(0). What is the greatest common divisor of n and 80?
16
Suppose 195 = 129*f - 124*f. What is the greatest common divisor of 13 and f?
13
Suppose -4*x + 3*c + 8 = 0, 2*x - 2*c - 7 = -x. What is the highest common divisor of x and 35?
5
Let y(k) = -3*k + 4*k - k**2 + 43 - 15. Let l(u) = -u + 1. Let p be l(1). Let w be y(p). What is the highest common factor of w and 70?
14
Suppose 0 = 3*n - 27 - 39. Let d be ((-365)/15)/((-2)/6). Let i = d + -40. What is the greatest common divisor of i and n?
11
Let k be (-83)/(-3) - 1/(-3). Let m = k + 44. Suppose m = 6*a - 2*a. Calculate the greatest common factor of 144 and a.
18
Let y be -66*(1 + 1/(-3)). Suppose 10*d - 5*d = 325. Let p = y + d. Calculate the highest common factor of 14 and p.
7
Let h be (-12)/(-36) + 448/6. Calculate the greatest common factor of 30 and h.
15
Suppose -2*k + 6*k = 20. Suppose k*r + 4*x - 80 = 8*x, -105 = -5*r - x. What is the greatest common factor of 8 and r?
4
Suppose -5*t - 2*z - 10 = 0, -2*t - 6*z + 12 = -2*z. Let d be 55 + t/1 + 3. Calculate the greatest common factor of 9 and d.
9
Suppose 16 = 5*b + g - 6, -2*g - 6 = 0. Let k(w) = 4*w**2 - 5*w - 6. Let x be k(-4). Let y be x/4 - (-3)/6. Calculate the greatest common divisor of b and y.
5
Let a(g) be the third derivative of g**6/120 - g**5/60 - g**4/8 + 2*g**3/3 - g**2. Let y be a(4). Wh